{"version":"1.0","provider_name":"La Tangerina KB","provider_url":"https:\/\/ana-latangerina.com\/kb","author_name":"Salva","author_url":"https:\/\/ana-latangerina.com\/kb\/author\/smagaz\/","title":"Nerje\u00f1os dans \"La Desband\u00e1\"","type":"rich","width":600,"height":338,"html":"<blockquote class=\"wp-embedded-content\" data-secret=\"soOg3lM59X\"><a href=\"https:\/\/ana-latangerina.com\/kb\/nerjenos-en-la-desbanda\/\">Nerje\u00f1os en La Desband\u00e1 &#8211; Espacio de Memoria Democr\u00e1tica<\/a><\/blockquote><iframe sandbox=\"allow-scripts\" security=\"restricted\" src=\"https:\/\/ana-latangerina.com\/kb\/nerjenos-en-la-desbanda\/embed\/#?secret=soOg3lM59X\" width=\"600\" height=\"338\" title=\"\u00ab\u00a0Nerje\u00f1os en La Desband\u00e1 &#8211; Espacio de Memoria Democr\u00e1tica\u00a0\u00bb &#8212; La Tangerina KB\" data-secret=\"soOg3lM59X\" frameborder=\"0\" marginwidth=\"0\" marginheight=\"0\" scrolling=\"no\" class=\"wp-embedded-content\"><\/iframe><script>\n\/*! This file is auto-generated *\/\n!function(d,l){\"use strict\";l.querySelector&&d.addEventListener&&\"undefined\"!=typeof URL&&(d.wp=d.wp||{},d.wp.receiveEmbedMessage||(d.wp.receiveEmbedMessage=function(e){var t=e.data;if((t||t.secret||t.message||t.value)&&!\/[^a-zA-Z0-9]\/.test(t.secret)){for(var s,r,n,a=l.querySelectorAll('iframe[data-secret=\"'+t.secret+'\"]'),o=l.querySelectorAll('blockquote[data-secret=\"'+t.secret+'\"]'),c=new RegExp(\"^https?:$\",\"i\"),i=0;i<o.length;i++)o[i].style.display=\"none\";for(i=0;i<a.length;i++)s=a[i],e.source===s.contentWindow&&(s.removeAttribute(\"style\"),\"height\"===t.message?(1e3<(r=parseInt(t.value,10))?r=1e3:~~r<200&&(r=200),s.height=r):\"link\"===t.message&&(r=new URL(s.getAttribute(\"src\")),n=new URL(t.value),c.test(n.protocol))&&n.host===r.host&&l.activeElement===s&&(d.top.location.href=t.value))}},d.addEventListener(\"message\",d.wp.receiveEmbedMessage,!1),l.addEventListener(\"DOMContentLoaded\",function(){for(var e,t,s=l.querySelectorAll(\"iframe.wp-embedded-content\"),r=0;r<s.length;r++)(t=(e=s[r]).getAttribute(\"data-secret\"))||(t=Math.random().toString(36).substring(2,12),e.src+=\"#?secret=\"+t,e.setAttribute(\"data-secret\",t)),e.contentWindow.postMessage({message:\"ready\",secret:t},\"*\")},!1)))}(window,document);\n\/\/# sourceURL=https:\/\/ana-latangerina.com\/kb\/wp-includes\/js\/wp-embed.min.js\n<\/script>\n","thumbnail_url":"https:\/\/ana-latangerina.com\/kb\/wp-content\/uploads\/2023\/01\/ec-portada-yt-presentacion-en-museo-el-26-enero-2023-Grande.jpeg","thumbnail_width":1280,"thumbnail_height":721,"description":"El jueves 26 de enero 2023 se presento por primera vez en el museo de Nerja este corto documental de 15 minutos con entrevistas de personas que vivieron los momentos de la llamada \"Desband\u00e1\" en febrero de 1937, una masacre horrible de miles de civiles que hu\u00edan de la llegada a M\u00e1laga de las fuerzas sublevadas de Franco cuando se dirig\u00edan hacia Almeria por la carretera nacional CN340."}

Nerjeños dans "La Desbandá"

<blockquote class="wp-embedded-content" data-secret="soOg3lM59X"><a href="https://ana-latangerina.com/kb/nerjenos-en-la-desbanda/">Nerjeños en La Desbandá &#8211; Espacio de Memoria Democrática</a></blockquote><iframe sandbox="allow-scripts" security="restricted" src="https://ana-latangerina.com/kb/nerjenos-en-la-desbanda/embed/#?secret=soOg3lM59X" width="600" height="338" title="« Nerjeños en La Desbandá &#8211; Espacio de Memoria Democrática » &#8212; La Tangerina KB" data-secret="soOg3lM59X" frameborder="0" marginwidth="0" marginheight="0" scrolling="no" class="wp-embedded-content"></iframe><script>
/*! This file is auto-generated */
!function(d,l){"use strict";l.querySelector&&d.addEventListener&&"undefined"!=typeof URL&&(d.wp=d.wp||{},d.wp.receiveEmbedMessage||(d.wp.receiveEmbedMessage=function(e){var t=e.data;if((t||t.secret||t.message||t.value)&&!/[^a-zA-Z0-9]/.test(t.secret)){for(var s,r,n,a=l.querySelectorAll('iframe[data-secret="'+t.secret+'"]'),o=l.querySelectorAll('blockquote[data-secret="'+t.secret+'"]'),c=new RegExp("^https?:$","i"),i=0;i<o.length;i++)o[i].style.display="none";for(i=0;i<a.length;i++)s=a[i],e.source===s.contentWindow&&(s.removeAttribute("style"),"height"===t.message?(1e3<(r=parseInt(t.value,10))?r=1e3:~~r<200&&(r=200),s.height=r):"link"===t.message&&(r=new URL(s.getAttribute("src")),n=new URL(t.value),c.test(n.protocol))&&n.host===r.host&&l.activeElement===s&&(d.top.location.href=t.value))}},d.addEventListener("message",d.wp.receiveEmbedMessage,!1),l.addEventListener("DOMContentLoaded",function(){for(var e,t,s=l.querySelectorAll("iframe.wp-embedded-content"),r=0;r<s.length;r++)(t=(e=s[r]).getAttribute("data-secret"))||(t=Math.random().toString(36).substring(2,12),e.src+="#?secret="+t,e.setAttribute("data-secret",t)),e.contentWindow.postMessage({message:"ready",secret:t},"*")},!1)))}(window,document);
//# sourceURL=https://ana-latangerina.com/kb/wp-includes/js/wp-embed.min.js
</script>

El jueves 26 de enero 2023 se presento por primera vez en el museo de Nerja este corto documental de 15 minutos con entrevistas de personas que vivieron los momentos de la llamada "Desbandá" en febrero de 1937, una masacre horrible de miles de civiles que huían de la llegada a Málaga de las fuerzas sublevadas de Franco cuando se dirigían hacia Almeria por la carretera nacional CN340.
